 of 12?
False
Does 7 divide 3255?
True
Is 235 a multiple of 6?
False
Is 18 a factor of 5005?
False
Is 1337 a multiple of 19?
False
Is 7 a factor of 11348?
False
Is 831 a multiple of 3?
True
Does 13 divide 221?
True
Does 24 divide 34980?
False
Is 52 a multiple of 3?
False
Does 15 divide 33077?
False
Is 1624 a multiple of 2?
True
Does 16 divide 304?
True
Is 3515 a multiple of 23?
False
Does 38 divide 7562?
True
Does 35 divide 1325?
False
Is 144020 a multiple of 19?
True
Is 7 a factor of 5979?
False
Does 75 divide 1135?
False
Does 21 divide 689?
False
Is 111 a factor of 1554?
True
Is 1582 a multiple of 31?
False
Is 4939 a multiple of 84?
False
Does 63 divide 6804?
True
Does 2 divide 2255?
False
Is 5 a factor of 75?
True
Is 13973 a multiple of 157?
True
Does 8 divide 2231?
False
Is 21 a factor of 857?
False
Is 59500 a multiple of 175?
True
Does 65 divide 42786?
False
Does 7 divide 38363?
False
Is 68 a factor of 886?
False
Does 2 divide 223?
False
Does 30 divide 689?
False
Is 27 a multiple of 3?
True
Is 1487 a multiple of 38?
False
Is 4 a factor of 732?
True
Is 18 a factor of 48257?
False
Does 50 divide 400?
True
Does 12 divide 4310?
False
Does 9 divide 11786?
False
Does 7 divide 546?
True
Does 17 divide 1139?
True
Does 253 divide 12903?
True
Is 105 a factor of 16633?
False
Does 74 divide 2066?
False
Does 28 divide 11928?
True
Does 158 divide 1264?
True
Is 874 a multiple of 8?
False
Does 5 divide 160?
True
Is 19 a factor of 399?
True
Is 3271 a multiple of 49?
False
Does 6 divide 2740?
False
Is 19 a factor of 3781?
True
Is 704 a multiple of 44?
True
Is 18 a factor of 2214?
True
Is 93678 a multiple of 245?
False
Is 6192 a multiple of 24?
True
Does 21 divide 1764?
True
Does 51 divide 123?
False
Is 43 a factor of 6622?
True
Is 2 a factor of 222?
True
Is 19 a factor of 15814?
False
Is 20013 a multiple of 31?
False
Is 30 a factor of 106849?
False
Is 6290 a multiple of 4?
False
Is 1206 a multiple of 9?
True
Is 10064 a multiple of 120?
False
Is 828 a multiple of 43?
False
Does 33 divide 320?
False
Is 110 a factor of 6490?
True
Is 2202 a multiple of 11?
False
Is 41 a factor of 229?
False
Is 104 a factor of 6896?
False
Is 44 a factor of 24306?
False
Is 1007 a multiple of 63?
False
Does 9 divide 758?
False
Is 62 a multiple of 14?
False
Is 92 a multiple of 4?
True
Is 5 a factor of 204?
False
Is 32067 a multiple of 11?
False
Is 6 a factor of 384?
True
Does 6 divide 1134?
True
Is 11070 even?
True
Is 1740 a multiple of 79?
False
Is 6 a factor of 3324?
True
Is 52026 a multiple of 26?
True
Is 10198 a multiple of 13?
False
Is 29942 a multiple of 11?
True
Does 85 divide 37428?
False
Does 4 divide 233?
False
Does 4 divide 1245?
False
Is 11 a factor of 1287?
True
Does 11 divide 110?
True
Is 22 a factor of 2071?
False
Is 4886 a multiple of 14?
True
Does 36 divide 71617?
False
Is 18 a factor of 2538?
True
Does 4 divide 6746?
False
Is 8866 a multiple of 11?
True
Does 14 divide 203?
False
Is 2880 a multiple of 90?
True
Is 231 even?
False
Does 137 divide 1918?
True
Is 2882 a multiple of 5?
False
Is 1482 a multiple of 19?
True
Is 16 a factor of 1872?
True
Is 25 a factor of 10482?
False
Does 57 divide 729?
False
Does 8 divide 1000?
True
Does 72 divide 648?
True
Is 17545 a multiple of 3?
False
Does 38 divide 4370?
True
Is 25156 a multiple of 76?
True
Does 13 divide 572?
True
Is 6 a factor of 10749?
False
Is 44 a factor of 1005?
False
Is 15816 a multiple of 24?
True
Does 58 divide 4350?
True
Is 102 a multiple of 9?
False
Does 13 divide 5265?
True
Is 865 a multiple of 16?
False
Is 13 a factor of 1520?
False
Is 2250 a multiple of 86?
False
Does 29 divide 38106?
True
Is 25636 a multiple of 5?
False
Does 83 divide 18509?
True
Is 55 a factor of 8001?
False
Is 5629 a multiple of 34?
False
Is 18225 a multiple of 11?
False
Is 55 a factor of 20900?
True
Is 5509 a multiple of 15?
False
Is 2154 a multiple of 46?
False
Is 24 a factor of 192?
True
Does 24 divide 121536?
True
Is 361 a multiple of 53?
False
Is 118 a factor of 3658?
True
Does 11 divide 10923?
True
Does 10 divide 100438?
False
Is 712 a multiple of 8?
True
Is 2178 a multiple of 99?
True
Does 8 divide 3344?
True
Does 9 divide 1944?
True
Does 22 divide 77132?
True
Does 71 divide 61486?
True
Does 100 divide 39621?
False
Is 6 a factor of 6?
True
Is 86 a factor of 8261?
False
Is 39590 a multiple of 17?
False
Is 49364 a multiple of 14?
True
Is 32535 a multiple of 27?
True
Is 300 a multiple of 27?
False
Is 1585 a multiple of 5?
True
Is 15 a factor of 1599?
False
Is 600 a multiple of 15?
True
Is 16 a factor of 8018?
False
Is 26 a factor of 9178?
True
Is 14 a factor of 676?
False
Is 38 a factor of 2240?
False
Is 418 a multiple of 11?
True
Is 2873 a multiple of 13?
True
Does 26 divide 1118?
True
Does 37 divide 31080?
True
Is 74936 a multiple of 27?
False
Is 91 a factor of 6833?
False
Is 44 a factor of 7139?
False
Is 11323 a multiple of 67?
True
Does 58 divide 7173?
False
Is 196 a factor of 2548?
True
Does 31 divide 434?
True
Is 17 a factor of 13154?
False
Is 650 a multiple of 10?
True
Is 45198 a multiple of 17?
False
Is 180 a multiple of 5?
True
Does 43 divide 2365?
True
Is 13251 a multiple of 60?
False
Is 34825 a multiple of 111?
False
Does 8 divide 1016?
True
Is 8 a factor of 125?
False
Does 60 divide 1560?
True
Is 24 a factor of 66120?
True
Is 21 a factor of 45?
False
Is 24 a factor of 2880?
True
Does 36 divide 1344?
False
Does 66 divide 715?
False
Is 42 a factor of 11448?
False
Does 10 divide 766?
False
Is 32 a factor of 12704?
True
Is 7247 a multiple of 2?
False
Does 6 divide 2512?
False
Is 38 a factor of 9707?
False
Does 4 divide 3768?
True
Does 25 divide 151?
False
Is 76 a factor of 4484?
True
Is 42 a factor of 1860?
False
Is 12 a factor of 18064?
False
Is 4 a factor of 565?
False
Is 8 a factor of 31344?
True
Is 1826 a multiple of 166?
True
Is 48 a factor of 73810?
False
Is 22729 a multiple of 15?
False
Does 4 divide 529?
False
Is 13140 a multiple of 60?
True
Is 106 a factor of 30740?
True
Is 274 a factor of 11508?
True
Is 74949 a multiple of 14?
False
Is 52340 a multiple of 20?
True
Does 29 divide 174?
True
Is 13 a factor of 1475?
False
Is 3 a factor of 24?
True
Does 93 divide 279?
True
Does 15 divide 9843?
False
Is 2 a factor of 2014?
True
Is 7 a factor of 966?
True
Is 30 a factor of 2254?
False
Is 4 a factor of 275?
False
Is 215 a multiple of 12?
False
Is 23 a factor of 10810?
True
Is 31471 a multiple of 11?
True
Is 9 a factor of 21645?
True
Is 139 a factor of 499?
False
Is 6 a factor of 546?
True
Does 168 divide 20832?
True
Is 13452 a multiple of 59?
True
Does 60 divide 6349?
False
Is 92 a factor of 3128?
True
Does 3 divide 504?
True
Is 74 a factor of 9102?
True
Is 795 a multiple of 15?
True
Is 32 a multiple of 21?
False
Is 274 a multiple of 32?
False
Does 27 divide 2727?
True
Does 20 divide 584?
False
Is 50 a factor of 500?
True
Is 59 a factor of 10719?
False
Does 28 divide 448?
True
Does 5 divide 20?
True
Is 12374 a multiple of 34?
False
Is 6 a factor of 2414?
False
Does 28 divide 1484?
True
Is 36 a factor of 7507?
False
Is 450 a multiple of 9?
True
Does 3 divide 78?
True
Is 16400 a multiple of 25?
True
Is 2066 a multiple of 14?
False
Is 57 a factor of 5586?
True
Is 2709 a multiple of 43?
True
Does 49 divide 1372?
True
Does 42 divide 832?
False
Does 22 divide 37386?
False
Is 16 a factor of 63198?
False
Does 7 divide 49272?
False
Is 60 a multiple of 10?
True
Is 8 a factor of 10376?
True
Is 14 a factor of 1876?
True
Does 40 divide 11027?
False
Is 24 a factor of 1435?
False
Does 45 divide 9819?
False
Does 14 divide 630?
True
Does 32 divide 4017?
False
Is 16 a multiple of 14?
False
Does 4 divide 228?
True
Does 38 divide 70778?
False
Does 9 divide 93?
False
Is 16 a factor of 864?
True
Is 4320 a multiple of 160?
True
Is 62767 a multiple of 175?
False
Is 92 a factor of 30452?
True
Is 37 a factor of 851?
True
Does 20 divide 20501?
False
Is 14800 a multiple of 80?
True
Is 10 a factor of 2570?
True
Is 877 a multiple of 14?
False
Is 188 a multiple of 4?
True
Does 22 divide 533?
False
Is 1101 a multiple of 40?
False
Is 3 a factor of 149?
False
Is 63 a factor of 63?
True
Does 35 divide 3947?
False
Is 29 a factor of 5017?
True
Is 4 a factor of 680?
True
Is 17 a factor of 1870?
True
Does 16 divide 51977?
False
Is 12 a factor of 48?
Tru